{"id":462,"date":"2015-06-17T14:21:51","date_gmt":"2015-06-17T13:21:51","guid":{"rendered":"https:\/\/www.asevegarches.fr\/blog\/?page_id=462"},"modified":"2020-01-16T15:49:08","modified_gmt":"2020-01-16T14:49:08","slug":"nos-projets","status":"publish","type":"page","link":"https:\/\/www.asevegarches.fr\/blog\/nos-projets\/","title":{"rendered":"Nos projets"},"content":{"rendered":"<p>L&rsquo;ASEVE a 2 objectifs : la<strong> protection du cadre de vie <\/strong>et la<strong> sensibilisation \u00e0 l&rsquo;environnement et au d\u00e9veloppement durable<\/strong>.<\/p>\n<p><span style=\"color: #8ec81e;\"><strong style=\"font-size: 1em;\"><strong>La propret\u00e9 \u00e0 Garches<\/strong><\/strong><\/span><\/p>\n<p>Elle doit imp\u00e9rativement \u00eatre am\u00e9lior\u00e9e dans l&rsquo;espace public et \u00eatre associ\u00e9e \u00e0 <strong>une gestion durable des d\u00e9chets.<\/strong><\/p>\n<p>Un groupe de travail :<\/p>\n<ul>\n<li>a pr\u00e9par\u00e9 un \u00e9tat des lieux,<\/li>\n<li>a \u00e9tudi\u00e9 les solutions mises en \u0153uvre dans \u00a0les communes voisines,<\/li>\n<li>a \u00e9labor\u00e9 des propositions d&rsquo;am\u00e9lioration pr\u00e9sent\u00e9es \u00e0 la Mairie,<\/li>\n<li>sensibilise les Garchois \u00e0 ce probl\u00e8me (\u00ab\u00a0La lettre\u00a0\u00bb, flyers, messages Internet).<\/li>\n<\/ul>\n<p><strong><span style=\"text-decoration: underline;\"><span style=\"color: #ca165e;\"><a style=\"color: #ca165e; text-decoration: underline;\" href=\"https:\/\/www.asevegarches.fr\/blog\/contact2\/\">Contactez-nous<\/a><\/span><\/span><\/strong><\/p>\n<h3><b><span style=\"color: #00ff00;\"><span style=\"color: #8ec81e;\">Le projet du \u00ab\u00a0Grand Paris\u00a0\u00bb<\/span><br \/>\n<\/span><\/b><\/h3>\n<p>Nous suivons l&rsquo;\u00e9volution de ce projet et son impact pour la ville de Garches et ses environs.<a href=\"https:\/\/www.asevegarches.fr\/blog\/wp-content\/uploads\/2015\/09\/Tract-hippodrome-1.jpg\"><img loading=\"lazy\" decoding=\"async\" data-attachment-id=\"754\" data-permalink=\"https:\/\/www.asevegarches.fr\/blog\/nos-projets\/tract-hippodrome-1\/\" data-orig-file=\"https:\/\/www.asevegarches.fr\/blog\/wp-content\/uploads\/2015\/09\/Tract-hippodrome-1.jpg\" data-orig-size=\"484,678\" data-comments-opened=\"1\" data-image-meta=\"{&quot;aperture&quot;:&quot;0&quot;,&quot;credit&quot;:&quot;CHABRIER&quot;,&quot;camera&quot;:&quot;&quot;,&quot;caption&quot;:&quot;&quot;,&quot;created_timestamp&quot;:&quot;0&quot;,&quot;copyright&quot;:&quot;&quot;,&quot;focal_length&quot;:&quot;0&quot;,&quot;iso&quot;:&quot;0&quot;,&quot;shutter_speed&quot;:&quot;0&quot;,&quot;title&quot;:&quot;&quot;}\" data-image-title=\"Tract hippodrome 1\" data-image-description=\"\" data-image-caption=\"\" data-large-file=\"https:\/\/www.asevegarches.fr\/blog\/wp-content\/uploads\/2015\/09\/Tract-hippodrome-1.jpg\" class=\"alignright wp-image-754\" src=\"https:\/\/www.asevegarches.fr\/blog\/wp-content\/uploads\/2015\/09\/Tract-hippodrome-1-214x300.jpg\" alt=\"Tract hippodrome 1\" width=\"167\" height=\"223\" \/><\/a><\/p>\n<h3><span style=\"color: #8ec81e;\"><b>Le PLU<\/b><\/span><\/h3>\n<p>Ce projet sera d\u00e9finitivement vot\u00e9 avant la fin de l&rsquo;ann\u00e9e 2015 et l&rsquo;ASEVE veillera \u00e0 sa mise en \u0153uvre. Ce document d&rsquo;urbanisme int\u00e8gre les obligations de constructibilit\u00e9 et de logements sociaux et doit permettre de prot\u00e9ger le patrimoine et l&rsquo;activit\u00e9 de notre commune. Pour plus d&rsquo;informations, consultez le\u00a0<strong><span style=\"text-decoration: underline;\"><span style=\"color: #ca165e; text-decoration: underline;\"><a style=\"color: #ca165e; text-decoration: underline;\" href=\"http:\/\/www.ville-garches.fr\/images\/stories\/rapportcommissaireplu.pdf\">rapport et les conclusions<\/a><\/span><\/span><\/strong> du commissaire enqu\u00eateur.<\/p>\n<p>&nbsp;<\/p>\n<p>&nbsp;<\/p>\n<h3><strong><span style=\"color: #8ec81e;\"><a href=\"https:\/\/www.asevegarches.fr\/blog\/wp-content\/uploads\/2015\/06\/150603.ANTENNE.SNCF_.jpg\"><img loading=\"lazy\" decoding=\"async\" data-attachment-id=\"515\" data-permalink=\"https:\/\/www.asevegarches.fr\/blog\/2015\/06\/23\/une-atteinte-a-lenvironnement\/olympus-digital-camera-5\/\" data-orig-file=\"https:\/\/www.asevegarches.fr\/blog\/wp-content\/uploads\/2015\/06\/150603.ANTENNE.SNCF_.jpg\" data-orig-size=\"2736,3648\" data-comments-opened=\"1\" data-image-meta=\"{&quot;aperture&quot;:&quot;8&quot;,&quot;credit&quot;:&quot;&quot;,&quot;camera&quot;:&quot;XZ-1&quot;,&quot;caption&quot;:&quot;&quot;,&quot;created_timestamp&quot;:&quot;1433355701&quot;,&quot;copyright&quot;:&quot;&quot;,&quot;focal_length&quot;:&quot;16.63&quot;,&quot;iso&quot;:&quot;100&quot;,&quot;shutter_speed&quot;:&quot;0.002&quot;,&quot;title&quot;:&quot;OLYMPUS DIGITAL CAMERA&quot;}\" data-image-title=\"OLYMPUS DIGITAL CAMERA\" data-image-description=\"\" data-image-caption=\"\" data-large-file=\"https:\/\/www.asevegarches.fr\/blog\/wp-content\/uploads\/2015\/06\/150603.ANTENNE.SNCF_-768x1024.jpg\" class=\" wp-image-515 alignleft\" src=\"https:\/\/www.asevegarches.fr\/blog\/wp-content\/uploads\/2015\/06\/150603.ANTENNE.SNCF_-225x300.jpg\" alt=\"OLYMPUS DIGITAL CAMERA\" width=\"119\" height=\"159\" srcset=\"https:\/\/www.asevegarches.fr\/blog\/wp-content\/uploads\/2015\/06\/150603.ANTENNE.SNCF_-225x300.jpg 225w, https:\/\/www.asevegarches.fr\/blog\/wp-content\/uploads\/2015\/06\/150603.ANTENNE.SNCF_-768x1024.jpg 768w, https:\/\/www.asevegarches.fr\/blog\/wp-content\/uploads\/2015\/06\/150603.ANTENNE.SNCF_-112x150.jpg 112w, https:\/\/www.asevegarches.fr\/blog\/wp-content\/uploads\/2015\/06\/150603.ANTENNE.SNCF_-400x533.jpg 400w\" sizes=\"auto, (max-width: 119px) 100vw, 119px\" \/><\/a><\/span><\/strong><strong><span style=\"color: #8ec81e;\">L&rsquo;antenne mise en place par la SNCF<\/span><\/strong><\/h3>\n<p>Nous avons alert\u00e9 RFF (R\u00e9seau Ferr\u00e9 de France) sur les nuisances visuelles entra\u00een\u00e9es par l\u2019installation de ce mat porteur d&rsquo;antennes.<\/p>\n<p>Des contacts ont \u00e9t\u00e9 pris avec le journal \u00ab\u00a0Le Parisien\u00a0\u00bb.<\/p>\n<p>En l\u2019absence de r\u00e9ponse claire, nous relan\u00e7ons nos interlocuteurs pour trouver une solution acceptable.<\/p>\n<p>Nous avons des contacts permanents avec le collectif de riverains \u00ab\u00a0<strong><span style=\"text-decoration: underline; color: #ca165e;\"><a style=\"color: #ca165e; text-decoration: underline;\" href=\"http:\/\/www.agir-gsmrail.com\/\">Agir-GSM rail<\/a><\/span><\/strong>\u00a0\u00bb et nous appuyons la p\u00e9tition qu&rsquo;ils proposent.<\/p>\n<h3><span style=\"color: #8ec81e;\"><b>Des randonn\u00e9es&#8230;<\/b> <\/span><\/h3>\n<p><a href=\"https:\/\/www.asevegarches.fr\/blog\/wp-content\/uploads\/2015\/09\/Topoguide.jpg\"><img loading=\"lazy\" decoding=\"async\" data-attachment-id=\"671\" data-permalink=\"https:\/\/www.asevegarches.fr\/blog\/sensibilisation-a-lenvironnement-2\/topoguide\/\" data-orig-file=\"https:\/\/www.asevegarches.fr\/blog\/wp-content\/uploads\/2015\/09\/Topoguide.jpg\" data-orig-size=\"400,270\" data-comments-opened=\"1\" data-image-meta=\"{&quot;aperture&quot;:&quot;0&quot;,&quot;credit&quot;:&quot;&quot;,&quot;camera&quot;:&quot;&quot;,&quot;caption&quot;:&quot;&quot;,&quot;created_timestamp&quot;:&quot;0&quot;,&quot;copyright&quot;:&quot;&quot;,&quot;focal_length&quot;:&quot;0&quot;,&quot;iso&quot;:&quot;0&quot;,&quot;shutter_speed&quot;:&quot;0&quot;,&quot;title&quot;:&quot;&quot;}\" data-image-title=\"Topoguide\" data-image-description=\"\" data-image-caption=\"\" data-large-file=\"https:\/\/www.asevegarches.fr\/blog\/wp-content\/uploads\/2015\/09\/Topoguide.jpg\" class=\" wp-image-671 alignright\" src=\"https:\/\/www.asevegarches.fr\/blog\/wp-content\/uploads\/2015\/09\/Topoguide-300x202.jpg\" alt=\"Topoguide\" width=\"272\" height=\"183\" srcset=\"https:\/\/www.asevegarches.fr\/blog\/wp-content\/uploads\/2015\/09\/Topoguide-300x202.jpg 300w, https:\/\/www.asevegarches.fr\/blog\/wp-content\/uploads\/2015\/09\/Topoguide-150x101.jpg 150w, https:\/\/www.asevegarches.fr\/blog\/wp-content\/uploads\/2015\/09\/Topoguide.jpg 400w\" sizes=\"auto, (max-width: 272px) 100vw, 272px\" \/><\/a>&#8230; seront organis\u00e9es<b> <\/b>pour les adultes et les enfants\u00a0\u00e0 la d\u00e9couverte des sentiers inconnus des for\u00eats de la Malmaison et de Fausses-Reposes.<\/p>\n<h1 style=\"text-align: center;\"><span style=\"color: #8ec81e;\"><strong>Un projet vous int\u00e9resse ? <span style=\"text-decoration: underline;\"><span style=\"color: #ca165e;\"><a style=\"color: #ca165e; text-decoration: underline;\" href=\"https:\/\/www.asevegarches.fr\/blog\/contact2\/\">Rejoignez-nous !<\/a><\/span><\/span><br \/>\n<\/strong><\/span><\/h1>\n","protected":false},"excerpt":{"rendered":"<p>L&rsquo;ASEVE a 2 objectifs : la protection du cadre de vie et la sensibilisation \u00e0 l&rsquo;environnement et au d\u00e9veloppement durable. La propret\u00e9 \u00e0 Garches Elle doit imp\u00e9rativement \u00eatre am\u00e9lior\u00e9e dans l&rsquo;espace public et \u00eatre associ\u00e9e \u00e0 une gestion durable des<\/p>\n","protected":false},"author":1,"featured_media":0,"parent":0,"menu_order":0,"comment_status":"closed","ping_status":"closed","template":"","meta":{"footnotes":""},"class_list":["post-462","page","type-page","status-publish","hentry"],"yoast_head":"<!-- This site is optimized with the Yoast SEO plugin v27.5 - https:\/\/yoast.com\/product\/yoast-seo-wordpress\/ -->\n<title>Nos projets - ASEVE GARCHES<\/title>\n<meta name=\"robots\" content=\"index, follow, max-snippet:-1, max-image-preview:large, max-video-preview:-1\" \/>\n<link rel=\"canonical\" href=\"https:\/\/www.asevegarches.fr\/blog\/nos-projets\/\" \/>\n<meta property=\"og:locale\" content=\"fr_FR\" \/>\n<meta property=\"og:type\" content=\"article\" \/>\n<meta property=\"og:title\" content=\"Nos projets - ASEVE GARCHES\" \/>\n<meta property=\"og:description\" content=\"L&rsquo;ASEVE a 2 objectifs : la protection du cadre de vie et la sensibilisation \u00e0 l&rsquo;environnement et au d\u00e9veloppement durable. La propret\u00e9 \u00e0 Garches Elle doit imp\u00e9rativement \u00eatre am\u00e9lior\u00e9e dans l&rsquo;espace public et \u00eatre associ\u00e9e \u00e0 une gestion durable des\" \/>\n<meta property=\"og:url\" content=\"https:\/\/www.asevegarches.fr\/blog\/nos-projets\/\" \/>\n<meta property=\"og:site_name\" content=\"ASEVE GARCHES\" \/>\n<meta property=\"article:modified_time\" content=\"2020-01-16T14:49:08+00:00\" \/>\n<meta property=\"og:image\" content=\"https:\/\/www.asevegarches.fr\/blog\/wp-content\/uploads\/2015\/09\/Tract-hippodrome-1-214x300.jpg\" \/>\n<meta name=\"twitter:card\" content=\"summary_large_image\" \/>\n<meta name=\"twitter:label1\" content=\"Dur\u00e9e de lecture estim\u00e9e\" \/>\n\t<meta name=\"twitter:data1\" content=\"1 minute\" \/>\n<script type=\"application\/ld+json\" class=\"yoast-schema-graph\">{\"@context\":\"https:\\\/\\\/schema.org\",\"@graph\":[{\"@type\":\"WebPage\",\"@id\":\"https:\\\/\\\/www.asevegarches.fr\\\/blog\\\/nos-projets\\\/\",\"url\":\"https:\\\/\\\/www.asevegarches.fr\\\/blog\\\/nos-projets\\\/\",\"name\":\"Nos projets - ASEVE GARCHES\",\"isPartOf\":{\"@id\":\"https:\\\/\\\/www.asevegarches.fr\\\/blog\\\/#website\"},\"primaryImageOfPage\":{\"@id\":\"https:\\\/\\\/www.asevegarches.fr\\\/blog\\\/nos-projets\\\/#primaryimage\"},\"image\":{\"@id\":\"https:\\\/\\\/www.asevegarches.fr\\\/blog\\\/nos-projets\\\/#primaryimage\"},\"thumbnailUrl\":\"https:\\\/\\\/www.asevegarches.fr\\\/blog\\\/wp-content\\\/uploads\\\/2015\\\/09\\\/Tract-hippodrome-1-214x300.jpg\",\"datePublished\":\"2015-06-17T13:21:51+00:00\",\"dateModified\":\"2020-01-16T14:49:08+00:00\",\"breadcrumb\":{\"@id\":\"https:\\\/\\\/www.asevegarches.fr\\\/blog\\\/nos-projets\\\/#breadcrumb\"},\"inLanguage\":\"fr-FR\",\"potentialAction\":[{\"@type\":\"ReadAction\",\"target\":[\"https:\\\/\\\/www.asevegarches.fr\\\/blog\\\/nos-projets\\\/\"]}]},{\"@type\":\"ImageObject\",\"inLanguage\":\"fr-FR\",\"@id\":\"https:\\\/\\\/www.asevegarches.fr\\\/blog\\\/nos-projets\\\/#primaryimage\",\"url\":\"https:\\\/\\\/www.asevegarches.fr\\\/blog\\\/wp-content\\\/uploads\\\/2015\\\/09\\\/Tract-hippodrome-1.jpg\",\"contentUrl\":\"https:\\\/\\\/www.asevegarches.fr\\\/blog\\\/wp-content\\\/uploads\\\/2015\\\/09\\\/Tract-hippodrome-1.jpg\",\"width\":484,\"height\":678},{\"@type\":\"BreadcrumbList\",\"@id\":\"https:\\\/\\\/www.asevegarches.fr\\\/blog\\\/nos-projets\\\/#breadcrumb\",\"itemListElement\":[{\"@type\":\"ListItem\",\"position\":1,\"name\":\"Accueil\",\"item\":\"https:\\\/\\\/www.asevegarches.fr\\\/blog\\\/\"},{\"@type\":\"ListItem\",\"position\":2,\"name\":\"Nos projets\"}]},{\"@type\":\"WebSite\",\"@id\":\"https:\\\/\\\/www.asevegarches.fr\\\/blog\\\/#website\",\"url\":\"https:\\\/\\\/www.asevegarches.fr\\\/blog\\\/\",\"name\":\"ASEVE GARCHES\",\"description\":\"\",\"publisher\":{\"@id\":\"https:\\\/\\\/www.asevegarches.fr\\\/blog\\\/#organization\"},\"potentialAction\":[{\"@type\":\"SearchAction\",\"target\":{\"@type\":\"EntryPoint\",\"urlTemplate\":\"https:\\\/\\\/www.asevegarches.fr\\\/blog\\\/?s={search_term_string}\"},\"query-input\":{\"@type\":\"PropertyValueSpecification\",\"valueRequired\":true,\"valueName\":\"search_term_string\"}}],\"inLanguage\":\"fr-FR\"},{\"@type\":\"Organization\",\"@id\":\"https:\\\/\\\/www.asevegarches.fr\\\/blog\\\/#organization\",\"name\":\"Association de Sauvegarde des Espaces Verts et de l'Environnement\",\"alternateName\":\"ASEVE\",\"url\":\"https:\\\/\\\/www.asevegarches.fr\\\/blog\\\/\",\"logo\":{\"@type\":\"ImageObject\",\"inLanguage\":\"fr-FR\",\"@id\":\"https:\\\/\\\/www.asevegarches.fr\\\/blog\\\/#\\\/schema\\\/logo\\\/image\\\/\",\"url\":\"https:\\\/\\\/i0.wp.com\\\/www.asevegarches.fr\\\/blog\\\/wp-content\\\/uploads\\\/2022\\\/10\\\/LOGO_logo-facebook.jpg?fit=1501%2C1501\",\"contentUrl\":\"https:\\\/\\\/i0.wp.com\\\/www.asevegarches.fr\\\/blog\\\/wp-content\\\/uploads\\\/2022\\\/10\\\/LOGO_logo-facebook.jpg?fit=1501%2C1501\",\"width\":1501,\"height\":1501,\"caption\":\"Association de Sauvegarde des Espaces Verts et de l'Environnement\"},\"image\":{\"@id\":\"https:\\\/\\\/www.asevegarches.fr\\\/blog\\\/#\\\/schema\\\/logo\\\/image\\\/\"}}]}<\/script>\n<!-- \/ Yoast SEO plugin. -->","yoast_head_json":{"title":"Nos projets - ASEVE GARCHES","robots":{"index":"index","follow":"follow","max-snippet":"max-snippet:-1","max-image-preview":"max-image-preview:large","max-video-preview":"max-video-preview:-1"},"canonical":"https:\/\/www.asevegarches.fr\/blog\/nos-projets\/","og_locale":"fr_FR","og_type":"article","og_title":"Nos projets - ASEVE GARCHES","og_description":"L&rsquo;ASEVE a 2 objectifs : la protection du cadre de vie et la sensibilisation \u00e0 l&rsquo;environnement et au d\u00e9veloppement durable. La propret\u00e9 \u00e0 Garches Elle doit imp\u00e9rativement \u00eatre am\u00e9lior\u00e9e dans l&rsquo;espace public et \u00eatre associ\u00e9e \u00e0 une gestion durable des","og_url":"https:\/\/www.asevegarches.fr\/blog\/nos-projets\/","og_site_name":"ASEVE GARCHES","article_modified_time":"2020-01-16T14:49:08+00:00","og_image":[{"url":"https:\/\/www.asevegarches.fr\/blog\/wp-content\/uploads\/2015\/09\/Tract-hippodrome-1-214x300.jpg","type":"","width":"","height":""}],"twitter_card":"summary_large_image","twitter_misc":{"Dur\u00e9e de lecture estim\u00e9e":"1 minute"},"schema":{"@context":"https:\/\/schema.org","@graph":[{"@type":"WebPage","@id":"https:\/\/www.asevegarches.fr\/blog\/nos-projets\/","url":"https:\/\/www.asevegarches.fr\/blog\/nos-projets\/","name":"Nos projets - ASEVE GARCHES","isPartOf":{"@id":"https:\/\/www.asevegarches.fr\/blog\/#website"},"primaryImageOfPage":{"@id":"https:\/\/www.asevegarches.fr\/blog\/nos-projets\/#primaryimage"},"image":{"@id":"https:\/\/www.asevegarches.fr\/blog\/nos-projets\/#primaryimage"},"thumbnailUrl":"https:\/\/www.asevegarches.fr\/blog\/wp-content\/uploads\/2015\/09\/Tract-hippodrome-1-214x300.jpg","datePublished":"2015-06-17T13:21:51+00:00","dateModified":"2020-01-16T14:49:08+00:00","breadcrumb":{"@id":"https:\/\/www.asevegarches.fr\/blog\/nos-projets\/#breadcrumb"},"inLanguage":"fr-FR","potentialAction":[{"@type":"ReadAction","target":["https:\/\/www.asevegarches.fr\/blog\/nos-projets\/"]}]},{"@type":"ImageObject","inLanguage":"fr-FR","@id":"https:\/\/www.asevegarches.fr\/blog\/nos-projets\/#primaryimage","url":"https:\/\/www.asevegarches.fr\/blog\/wp-content\/uploads\/2015\/09\/Tract-hippodrome-1.jpg","contentUrl":"https:\/\/www.asevegarches.fr\/blog\/wp-content\/uploads\/2015\/09\/Tract-hippodrome-1.jpg","width":484,"height":678},{"@type":"BreadcrumbList","@id":"https:\/\/www.asevegarches.fr\/blog\/nos-projets\/#breadcrumb","itemListElement":[{"@type":"ListItem","position":1,"name":"Accueil","item":"https:\/\/www.asevegarches.fr\/blog\/"},{"@type":"ListItem","position":2,"name":"Nos projets"}]},{"@type":"WebSite","@id":"https:\/\/www.asevegarches.fr\/blog\/#website","url":"https:\/\/www.asevegarches.fr\/blog\/","name":"ASEVE GARCHES","description":"","publisher":{"@id":"https:\/\/www.asevegarches.fr\/blog\/#organization"},"potentialAction":[{"@type":"SearchAction","target":{"@type":"EntryPoint","urlTemplate":"https:\/\/www.asevegarches.fr\/blog\/?s={search_term_string}"},"query-input":{"@type":"PropertyValueSpecification","valueRequired":true,"valueName":"search_term_string"}}],"inLanguage":"fr-FR"},{"@type":"Organization","@id":"https:\/\/www.asevegarches.fr\/blog\/#organization","name":"Association de Sauvegarde des Espaces Verts et de l'Environnement","alternateName":"ASEVE","url":"https:\/\/www.asevegarches.fr\/blog\/","logo":{"@type":"ImageObject","inLanguage":"fr-FR","@id":"https:\/\/www.asevegarches.fr\/blog\/#\/schema\/logo\/image\/","url":"https:\/\/i0.wp.com\/www.asevegarches.fr\/blog\/wp-content\/uploads\/2022\/10\/LOGO_logo-facebook.jpg?fit=1501%2C1501","contentUrl":"https:\/\/i0.wp.com\/www.asevegarches.fr\/blog\/wp-content\/uploads\/2022\/10\/LOGO_logo-facebook.jpg?fit=1501%2C1501","width":1501,"height":1501,"caption":"Association de Sauvegarde des Espaces Verts et de l'Environnement"},"image":{"@id":"https:\/\/www.asevegarches.fr\/blog\/#\/schema\/logo\/image\/"}}]}},"jetpack_sharing_enabled":true,"jetpack_shortlink":"https:\/\/wp.me\/P6YGVC-7s","jetpack-related-posts":[{"id":526,"url":"https:\/\/www.asevegarches.fr\/blog\/agenda-21\/","url_meta":{"origin":462,"position":0},"title":"Qu&rsquo;est-ce qu&rsquo;un Agenda 21 ?","author":"aseve","date":"23 juin 2015","format":false,"excerpt":"L'Agenda 21 est le titre d\u2019un \u00ab programme d\u2019actions \u00bb pour le XXI\u00e8 si\u00e8cle adopt\u00e9 par\u00a0plus de 170 \u00e9tats lors de la Conf\u00e9rence des \u00c9tats-Unis pour le d\u00e9veloppement et\u00a0l\u2019environnement en 1992 \u00e0 Rio de Janeiro. Dans les 40 chapitres de ce programme, les\u00a0diff\u00e9rents \u00e9tats signataires ont d\u00e9fini les orientations des\u2026","rel":"","context":"Article similaire","block_context":{"text":"Article similaire","link":""},"img":{"alt_text":"","src":"https:\/\/i0.wp.com\/www.asevegarches.fr\/blog\/wp-content\/uploads\/2015\/09\/logo-agenda-21.jpg?resize=350%2C200&ssl=1","width":350,"height":200},"classes":[]},{"id":1694,"url":"https:\/\/www.asevegarches.fr\/blog\/demarche-pedagogique\/","url_meta":{"origin":462,"position":1},"title":"D\u00e9marche p\u00e9dagogique","author":"aseve","date":"2 d\u00e9cembre 2015","format":false,"excerpt":"Ateliers scolaires Nos sites de d\u00e9couverte : - le Domaine de Saint-Cloud et l'\u00e9tang de Villeneuve, - le Domaine des 4 Vents \u00e0 Garches, - la sente Debat. Deux th\u00e8mes propos\u00e9s\u00a0: \u00ab\u00c0 la d\u00e9couverte de l'arbre et de son environnement\u00bb Munis d'un livret et d'un sac de cueillette, les enfants\u2026","rel":"","context":"Article similaire","block_context":{"text":"Article similaire","link":""},"img":{"alt_text":"atelierjuin2014-3","src":"https:\/\/i0.wp.com\/www.asevegarches.fr\/blog\/wp-content\/uploads\/2015\/12\/atelierjuin2014-3-300x169.jpg?resize=350%2C200&ssl=1","width":350,"height":200},"classes":[]},{"id":492,"url":"https:\/\/www.asevegarches.fr\/blog\/sensibilisation-a-lenvironnement-2\/pedagogie\/","url_meta":{"origin":462,"position":2},"title":"P\u00e9dagogie","author":"aseve","date":"20 juin 2015","format":false,"excerpt":"L'ASEVE reste fid\u00e8le \u00e0 son engagement de sensibilisation \u00e0 l'environnement en organisant des\u00a0ateliers-animations pour les enfants\u00a0des \u00e9coles de Garches dans le Domaine de Saint-Cloud, \u00e0 la sente Debat et au Domaine des 4 Vents. Sa d\u00e9marche p\u00e9dagogique est men\u00e9e en \u00e9troite collaboration avec les professeurs des \u00e9coles et se compose\u2026","rel":"","context":"Article similaire","block_context":{"text":"Article similaire","link":""},"img":{"alt_text":"","src":"","width":0,"height":0},"classes":[]},{"id":207,"url":"https:\/\/www.asevegarches.fr\/blog\/pedagogie\/","url_meta":{"origin":462,"position":3},"title":"Protection et am\u00e9nagement du cadre de vie","author":"aseve","date":"10 mars 2015","format":false,"excerpt":"La commune de Garches est occup\u00e9e \u00e0 55 % de sa superficie par des\u00a0espaces verts priv\u00e9s ou publics. Elle est entour\u00e9e d'espaces bois\u00e9s importants : le\u00a0Parc de Saint-Cloud, le Golf de Saint-Cloud,\u00a0le bois de Saint-Cucufa, la for\u00eat de Fausses-Reposes. Ce cadre de vie remarquable offre un environnement de qualit\u00e9 qui\u2026","rel":"","context":"Article similaire","block_context":{"text":"Article similaire","link":""},"img":{"alt_text":"","src":"https:\/\/i0.wp.com\/www.asevegarches.fr\/blog\/wp-content\/uploads\/2015\/09\/Rue-des-Mar%C3%A9chaux-300x202.jpg?resize=350%2C200&ssl=1","width":350,"height":200},"classes":[]},{"id":174,"url":"https:\/\/www.asevegarches.fr\/blog\/statuts\/","url_meta":{"origin":462,"position":4},"title":"Statuts","author":"aseve","date":"20 f\u00e9vrier 2015","format":false,"excerpt":"Article 1er - Forme Il est form\u00e9 entre les personnes qui ont adh\u00e9r\u00e9 ou qui adh\u00e9reront aux pr\u00e9sents statuts une Association qui sera r\u00e9gie par la loi du 1er juillet 1901, les lois subs\u00e9quentes et les pr\u00e9sents statuts. Article 2 - D\u00e9nomination L'Association prend la d\u00e9nomination de : \"ASSOCIATION POUR\u2026","rel":"","context":"Article similaire","block_context":{"text":"Article similaire","link":""},"img":{"alt_text":"photo statuts","src":"https:\/\/i0.wp.com\/www.asevegarches.fr\/blog\/wp-content\/uploads\/2015\/11\/photo-statuts-150x150.jpg?resize=350%2C200&ssl=1","width":350,"height":200},"classes":[]},{"id":209,"url":"https:\/\/www.asevegarches.fr\/blog\/dev-durable\/","url_meta":{"origin":462,"position":5},"title":"R\u00f4le de facilitateur","author":"aseve","date":"10 mars 2015","format":false,"excerpt":"Forte de son tissu relationnel, l'ASEVE pr\u00e9conise, \u00e0 l'attention de\u00a0ses adh\u00e9rents, des associations, des collectivit\u00e9s et des entreprises susceptibles de les aider dans la protection de leur environnement. Elle a mis en relation la Mairie et\u00a0l\u2019association\u00a0ESPACES pour la r\u00e9alisation de l'\u00e9tude sur la biodiversit\u00e9\u00a0\u00e0 Garches et pour mener une \u00e9tude\u2026","rel":"","context":"Article similaire","block_context":{"text":"Article similaire","link":""},"img":{"alt_text":"","src":"","width":0,"height":0},"classes":[]}],"_links":{"self":[{"href":"https:\/\/www.asevegarches.fr\/blog\/wp-json\/wp\/v2\/pages\/462","targetHints":{"allow":["GET"]}}],"collection":[{"href":"https:\/\/www.asevegarches.fr\/blog\/wp-json\/wp\/v2\/pages"}],"about":[{"href":"https:\/\/www.asevegarches.fr\/blog\/wp-json\/wp\/v2\/types\/page"}],"author":[{"embeddable":true,"href":"https:\/\/www.asevegarches.fr\/blog\/wp-json\/wp\/v2\/users\/1"}],"replies":[{"embeddable":true,"href":"https:\/\/www.asevegarches.fr\/blog\/wp-json\/wp\/v2\/comments?post=462"}],"version-history":[{"count":78,"href":"https:\/\/www.asevegarches.fr\/blog\/wp-json\/wp\/v2\/pages\/462\/revisions"}],"predecessor-version":[{"id":2833,"href":"https:\/\/www.asevegarches.fr\/blog\/wp-json\/wp\/v2\/pages\/462\/revisions\/2833"}],"wp:attachment":[{"href":"https:\/\/www.asevegarches.fr\/blog\/wp-json\/wp\/v2\/media?parent=462"}],"curies":[{"name":"wp","href":"https:\/\/api.w.org\/{rel}","templated":true}]}}